 -140 - 22 = 27*r. List the prime factors of 8/4 + (-5634)/r.
941
Suppose 0 = -21*p + 16*p - 140. List the prime factors of 1085/p*2*16/(-10).
2, 31
Suppose 8 = 5*l - 6*l. Let v be (-2)/4 + (-84)/l. Let o(y) = y**3 - 10*y**2 + 16*y - 10. List the prime factors of o(v).
2, 3, 5
Suppose 789 = -2*m - 5*b, -4*b - 1180 = -9*m + 12*m. Let q = -42 - m. What are the prime factors of q?
2, 5, 7
Let w be 2 - -408 - (-1 - -2). Let s(o) = o**2 - 3*o. Let n be s(4). Suppose -h = 5*u - 5*h - 401, -5*u - n*h = -w. List the prime factors of u.
3
Let g(t) = 9*t - 19. Suppose -1225 = -5*w - 505. Suppose 5*a = -a + w. List the prime factors of g(a).
197
Let l = 30822 - 15327. List the prime factors of l.
3, 5, 1033
Suppose -2*q = -242*u + 245*u - 119103, 3*u - 119088 = 3*q. What are the prime factors of u?
3, 11, 401
What are the prime factors of (-17)/(459/(-18))*33444/2?
2, 3, 929
Suppose 3*b = -2*j + 3141, 4*b + 1576 = -3*j + 4*j. Let v = -945 + j. List the prime factors of v.
3, 11, 19
Suppose 5*d + 3*u = 265878 + 8833, 9 = -3*u. What are the prime factors of d?
2, 17, 101
Let o be (-1 + 3 - (-14 - 0)) + 1. Suppose -2*q - j - o = 0, -5*j = -4 + 29. Let c = q - -16. List the prime factors of c.
2, 5
Suppose 4*v + 2*p - 885 - 1845 = 0, 4*v = 5*p + 2709. Suppose -t + 3*w + v = 0, -t - 135 + 809 = 4*w. Let z = t + -455. List the prime factors of z.
223
Let c = -4862 + 42501. What are the prime factors of c?
7, 19, 283
Let m be (-121)/(-55) - 4/(-5). Let c be (6/9)/(1771/591 - m). What are the prime factors of 4/(-4)*c - -1?
2, 3, 11
Suppose -2*w - 5*m = -635 - 1607, -w = m - 1121. Suppose 1851 = 3*n + h, 3*n - 2981 = 2*h - w. Suppose 0 = -4*t - 2*t + n. List the prime factors of t.
103
Suppose 3265 = -3*l - g + 28857, l + 5*g - 8554 = 0. List the prime factors of l.
3, 2843
Let k(a) = -58*a**3 - 2*a**2 + 3*a + 7. What are the prime factors of k(-2)?
457
Let g(t) = -15*t**3 + 17*t**2 + 46*t - 8. Let n be g(-4). Suppose -20*k + n = -10*k. List the prime factors of k.
2, 13
Suppose 3*h = 15 - 57. List the prime factors of (h + 0)*(0/3 + -8).
2, 7
Suppose 6*x = -3*x - 15192. Let a = -858 - x. Suppose -3*t - 5*l + 842 = t, -4*t + l + a = 0. List the prime factors of t.
2, 13
Let j(z) = z**3 - 5*z**2 + 14*z - 66. Let l be j(5). List the prime factors of (l - -456) + -1 + -4.
5, 7, 13
Suppose -2*f - 2*c = -3406, 5*f - c = 3*c + 8470. Let h = f + -794. List the prime factors of h.
2, 113
Suppose 5*s - 88835 = -5*q, -56*s + 5 = -55*s. List the prime factors of q.
2, 83, 107
Let p be -6 - (-4)/(-5*(-3)/7110). Let c = p + -714. What are the prime factors of c?
2, 3, 7
Let d(t) = t**3 - 7*t**2 + 22. Let n be d(10). Suppose 5*v + n = -4*q + 7*q, 20 = 5*q. Let k = v - -89. What are the prime factors of k?
3
Let r(y) = -2*y + 8. Let z be r(5). Let s be z + 3 + 4 + 0. List the prime factors of (4/s)/((-21)/(-2520)).
2, 3
Suppose -538 = -5*b - 118. Suppose -y + 5 = 0, -b*y = 5*w - 89*y - 2550. What are the prime factors of w?
5, 103
Let j(t) = 12*t + t**3 - 6*t**2 + 0*t**3 - 2*t. Let z be j(4). Let n(u) = 6*u + 12. What are the prime factors of n(z)?
2, 3, 5
Let h(v) = -32*v + 350. Let n be h(17). List the prime factors of 102/459 - n*146/36.
787
Let o = -2 - 113. Let c(f) = 5*f**2 + 21*f - 62. Let s be c(5). Let h = o + s. List the prime factors of h.
53
Suppose 9*v + v = 60. Suppose 3*r - 5*r = -v. List the prime factors of 4/r*(-1212)/(-8).
2, 101
Let x = -105 - -113. Let o be ((-4)/x)/(1/2). What are the prime factors of o/(34/(-66) + (-2)/(-4))?
2, 3, 11
Suppose -10*m + 6*m + 2 = 2*i, 4*i - 2*m = -36. What are the prime factors of i/(-2)*1*52?
2, 7, 13
Let u(g) = 510*g**2 + 155*g - 6. List the prime factors of u(7).
131, 199
Suppose -1215560 + 4346873 = 241*s. What are the prime factors of s?
3, 61, 71
Suppose j - 2*b - 406 = 0, -4*b = -5*j - 99 + 2141. Suppose -5*z + 1704 = -2*v + j, 3*z - 4*v = 782. Suppose i - z = -i. What are the prime factors of i?
3, 43
List the prime factors of 31310/5 - (-1 + 1 - -5).
6257
Let l(a) = -39*a + 650. List the prime factors of l(-13).
13, 89
Suppose 23453 + 13279 = 2*g - 4*i, 4*g - 73440 = 4*i. List the prime factors of g.
2, 3, 7, 19, 23
List the prime factors of 356/(-89) + 4214 + -1.
3, 23, 61
Suppose 0*h - 132 = -2*h. Suppose -3*b - h - 8 = m, -5*b + 42 = -m. Let n = 92 + m. List the prime factors of n.
2, 3, 5
Let r be (-12)/(-30)*(3 - -2). Let j be (-6)/(25/(-15) + r). Let c = j - -46. What are the prime factors of c?
2, 7
Let x = 1428 + -888. Suppose 0 = 4*k - 0*o - 4*o + 536, 3*o - x = 4*k. List the prime factors of (k - -1)/((2 - 4) + 1).
137
Let k(f) = f + 599. What are the prime factors of k(88)?
3, 229
Suppose 5 = 2*f - 3. Let j be 3/(4 - 10/f). Suppose -2*d - j*z + 178 = -0*z, -329 = -4*d + 5*z. What are the prime factors of d?
2, 43
Suppose -2*n + 9 = -4*k - 7*n, -9 = 2*k + n. List the prime factors of -1*(k + -254 + 3).
257
Let w be (-2)/14 + 30888/77. Let k(t) = 16*t**2 - t - 6. Let u be k(4). Let h = w - u. List the prime factors of h.
5, 31
Let u = 232 - 570. List the prime factors of (u/(-8))/((-2)/(-8)).
13
Let w(b) be the first derivative of 3*b**3/2 + 11*b**2 + 4*b + 26. Let d(k) be the first derivative of w(k). What are the prime factors of d(7)?
5, 17
Let t(w) = 2*w**3 + 7*w**2 - w + 16. Let l be t(7). Let s = 1542 - l. What are the prime factors of s?
2, 3, 7
Suppose -3*m = 5*f + 10 + 12, 25 = 5*m - 4*f. List the prime factors of (4/5 - m) + 118677/85.
2, 349
What are the prime factors of ((-28987)/(-21) + -5)/(5/30)?
2, 2063
Let y(c) = 3709*c - 1382. List the prime factors of y(20).
2, 3, 11, 1103
List the prime factors of 167631/7 - 2288/1001.
5, 4789
Let b = -14417 + 24729. What are the prime factors of b?
2, 1289
Suppose 132 = 5*o + o. Suppose -s - 2*v + 10 = 0, 4*s + 2*v - 15 = 7. List the prime factors of s/o + (-4775)/(-55).
3, 29
Let g = -8 + 9. Let c(n) = -36*n - 51. Let m be c(6). What are the prime factors of ((1/g)/1)/((-3)/m)?
89
Suppose 5*y + 4*k + 740 = 0, 0*y - 2*k + 444 = -3*y. What are the prime factors of (-1)/2 - 77/22 - y?
2, 3
Let b = 1493 - 807. Suppose -8*z = -218 - b. List the prime factors of z.
113
Let t = -16190 + 62422. What are the prime factors of t?
2, 5779
Suppose c - 3*b = 3*c - 68, c - b - 44 = 0. Suppose -118*n + 120*n = c. Let h(w) = -w**3 + 20*w**2 + 2*w + 45. List the prime factors of h(n).
5, 17
Let n = -2927 - -7102. List the prime factors of n.
5, 167
What are the prime factors of (-6)/16 - (10/(-40) + (-189732)/32)?
7, 11
Let r(q) = -12*q**2 - 3*q - 3. Let j be r(-1). List the prime factors of ((-5690)/15)/(8/j).
569
Suppose 0 = 3*h - 6, -8*u + 74 = -7*u + 2*h. Suppose -50*x + u*x = 25100. List the prime factors of x.
5, 251
Suppose 37 - 7 = 5*g. Suppose -99 = -3*l + g. What are the prime factors of l?
5, 7
Let k(l) = -4*l + 4. Let n be k(-1). Suppose 0 = d - 1 - 0, -2*p - 4*d = -n. List the prime factors of 615/(2 + 1) + (-6)/p.
2, 101
Suppose 5*m + 15 = 0, 0 = 2*c + 4*m + 12564 - 42330. What are the prime factors of c?
3, 7, 709
Suppose 0 = -6*l + 10*l - 32. Let w(m) = 3*m - 20. Let y be w(l). Suppose -86 = -6*r + y. What are the prime factors of r?
3, 5
Let b be -4 + 1 + (1810 - 7). Suppose -10*w = -b - 750. List the prime factors of w.
3, 5, 17
Let t be 6*15/(-40)*16/3. Let i(q) = q**3 + 16*q**2 + 17*q + 62. List the prime factors of i(t).
2, 7, 31
Let m(r) = 3*r**2 - r. Let v be m(1). Suppose 4*a - v*y - 3*y = 1209, y + 915 = 3*a. Suppose -33 = 7*n - a. What are the prime factors of n?
3, 13
Suppose -o - 4 = 0, 4*o = 4*k + 7*o - 6104. Let j = k - 791. List the prime factors of j.
2, 3, 41
Let b(q) = q**3 - 10*q**2 + 12*q - 8. Let d be b(9). Let a = d + 122. Let f = -66 + a. List the prime factors of f.
3, 5
Let z(m) = 6*m + 56. Let a be z(7). Let u(w) = 4*w + 2. Let l be u(-1). List the prime factors of 6342/a + (-3)/(21/l).
5, 13
Let z be (7/((-35)/(-11675)))/1. Suppose -23*m - 541 = -z. What are the prime factors of m?
2, 3, 13
Let p = -7735 + 17802. List the prime factors of p.
10067
Let g = 95900 - 46939. What are the prime factors of g?
11, 4451
Suppose -5137 = -2*u - 3*u - 4*s, -2*s = -5*u + 5149. Suppose -u = -5*w + 61. List the prime factors of w.
2, 109
Let o = 549 - 261. Suppose o = 118*f - 117*f. What are the prime factors of f?
2, 3
Let g be (-41)/(